(-3) + 34 + -34 a prime number?
True
Let l be (-1)/3 + 2/6. Suppose l = -4*a + 2502 + 1174. Is a prime?
True
Let i(j) = 7*j**2 - 11*j - 12 + 0 - 5. Let l(v) = -4*v**2 + 5*v + 8. Let r(h) = 3*i(h) + 5*l(h). Is r(12) prime?
True
Suppose 0 = 16*w + 2810 + 25974. Is 24/14*w/(-2) - 4 a prime number?
False
Let i be (4/(-3))/(6/(-27)). Suppose -12 = 2*k - i*k. Suppose 4*j - 381 = k*j. Is j composite?
True
Suppose -j + 7*j - 42 = 0. Suppose j*k + 229 = -142. Let w = k + 87. Is w a composite number?
True
Let y(o) = 924*o**2 + 14*o - 29. Let c(n) = 13*n - 115. Let k be c(9). Is y(k) prime?
False
Let r = 293 + -302. Is 3/1 - 9/(r/868) a prime number?
False
Is (6090/(-2175))/(2/(-26905)) prime?
False
Let k(y) = -18821*y + 683. Is k(-4) a composite number?
False
Let i(j) = j**3 - 30*j**2 + j - 18. Let n be i(30). Suppose z + 4*l - 550 = 3*l, 4*l = -n. Is z a composite number?
True
Let o = 41 - 35. Suppose 11*l = o + 5. Is l/4 - 363*5/(-20) a composite number?
True
Let y(u) = 5*u**3 + 15*u**2 + u - 11. Let x be y(6). Suppose 4*r - 3 - 5 = 0. Suppose -949 = -r*z + x. Is z composite?
True
Suppose -5*z - o = 29, -5 = -z + 5*o + 10. Is (5 - ((-92585)/15 - z))*3 a prime number?
True
Suppose -161*j + 1391946 + 31949705 = 0. Is j a composite number?
True
Let p be 6 + (3 - (7 + -4)). Let t be ((-1202)/p)/((-2)/(-6)). Let i = 798 - t. Is i a prime number?
True
Suppose 0 = -10*y + 31*y - 439677. Suppose 3*r - 44*i + 45*i - y = 0, 3*i + 20937 = 3*r. Is r composite?
True
Let h(y) = 11954*y**2 + 532*y + 7. Is h(-5) composite?
True
Suppose -53 + 77 = 8*g. Suppose 2*j + 2*f + 0*f = 1348, 4*j - 2695 = -g*f. Is j composite?
False
Suppose -1262*w + 1280*w + 54 = 0. Let p(c) = 0 + 0 - 84*c + 5. Is p(w) prime?
True
Let d(o) = -o**3 - 91*o**2 - 281*o + 167. Is d(-100) prime?
False
Let g = -386 - -327. Is (g/(-4) + 6)*248/2 composite?
True
Let k be 1*(4/(-2) - -9). Let g(h) = -4 + 18 + 4*h + 21 - 5. Is g(k) a prime number?
False
Let h(i) = 3*i - 1. Let q be h(2). Let z(d) = -11*d**3 + 11*d**2 - 4*d - 8. Let k be z(q). Let w = k - -2495. Is w prime?
True
Let r(v) be the third derivative of 37*v**4/6 - 113*v**3/6 + 70*v**2. Is r(25) a composite number?
True
Is (-64153)/(-5) + (-1128)/705 a composite number?
False
Suppose 7*v = 35*v - 329784. Suppose 4*k - 102*m = -107*m + v, -m + 2945 = k. Is k prime?
False
Is ((-147)/(-56))/(126/33931632) prime?
False
Let c(k) = 91*k - 16. Let z(m) = 90*m - 16. Let i(f) = -3*c(f) + 2*z(f). Suppose 0*d - 4*d = 2*v + 30, -5*d - 33 = 4*v. Is i(d) a composite number?
False
Suppose 102 + 182 = -2*t. Suppose 0*s - 5*s - 1627 = 3*c, 2689 = -5*c + 3*s. Let b = t - c. Is b composite?
False
Suppose -158*d = -152*d - 342613 - 756869. Is d composite?
False
Suppose 1334*f = 1310*f + 6931272. Is f composite?
False
Let t = -546 - -1306. Let m = 1582 - 265. Let n = m - t. Is n a prime number?
True
Let v = -65 - -93. Let s be (v/(-35))/(3/(-45)). Suppose -s*w = -15*w + 6078. Is w a composite number?
True
Let m(p) be the first derivative of -31/2*p**2 - 17*p - 2 + 3*p**3. Is m(-13) a prime number?
True
Let s = 801 + -194. Let f = 802 + s. Is f a composite number?
False
Let i = -459 - -317. Let y = i - -549. Is y a composite number?
True
Let h(l) = -169*l**3 - 13*l**2 - 66*l - 371. Is h(-6) prime?
True
Suppose 0 = -8*r + 50240 + 94712. Is r composite?
False
Suppose 0 = 16*i - 1571118 - 275106. Suppose -5*d - i = -3*n, 3*n = -7*d + 8*d + 115389. Is n prime?
False
Suppose -5*i + 2*t + 16 = 0, -1 + 7 = -3*i - 4*t. Let m(h) = -181*h - 1081. Let g be m(-6). Suppose i*n - 377 = -g*d, -3*n + 0*n = 12. Is d composite?
True
Let d = -2590 + 37787. Is d prime?
False
Let z = -191 - -199. Suppose 23945 = 5*v + 2*g, -v - z*g + 4789 = -3*g. Is v a composite number?
False
Suppose 0 = -13*u + 33*u + 180. Is 3/(u/(-5199))*(-2 + 3) composite?
False
Let a(q) = -491*q + 4425. Is a(2) composite?
True
Suppose g - 5*x = 541 + 244, 2*g - 3*x = 1563. Suppose 781*y - g*y - 12097 = 0. Is y composite?
False
Suppose 6*a + 3*a = 45. Suppose -3959 = -a*f - 4*w, -4*f = f + 3*w - 3963. Suppose q - 3180 = -5*k, -3*q = 2*k - f - 490. Is k composite?
True
Suppose 10*x = -2*h + 9*x + 160537, 0 = 5*h - 3*x - 401392. Is h prime?
True
Let v = 31678 - 12253. Let s = v - 4574. Is s prime?
True
Let v(i) = -i**2 + 12*i + 162. Let b be v(20). Suppose -21323 - 5295 = -b*n. Is n prime?
True
Let u(i) = 181*i + 14. Let s be u(10). Suppose -5*x + m = -s, 7*m - 2*m = 2*x - 725. Suppose 12*p = 11*p + x. Is p prime?
False
Let o = -318 + 15061. Is o a prime number?
False
Suppose -3*l = -4*o - 276 + 17, 0 = 4*l - 4. Let x = -60 - o. Let n(c) = 32*c - 25. Is n(x) a prime number?
True
Suppose -3*h = -5*h + 8. Let f be (-3 + 0)*-2 - h. Suppose -4*r = -7*m + f*m - 2702, 2*r + 2*m = 1342. Is r a prime number?
True
Let d = 153064 + -86397. Is d prime?
False
Let k(o) = -o**3 + 6*o**2 - 3*o + 6. Let c be k(6). Let l be (-54406)/c - (-5)/30. Suppose -2*r + 3*h = -1817, 8*r - 3*r = -h + l. Is r a prime number?
True
Suppose 0 = 4*x - 3*x - 59. Suppose 60*r = x*r + 1777. Is r a composite number?
False
Let k = -2219268 + 3236171. Is k a composite number?
True
Suppose 4*z - 136 = 2*z. Let x = 70 - z. Suppose 5*q + 3841 = 2*i, 4*q - 3850 = -0*i - x*i. Is i prime?
False
Is ((-9)/(-27)*1*178131)/((-6)/(-42)) a composite number?
True
Let o be 1003074/42 + 6/21. Let z = -13487 + o. Suppose 2*s = -v + 4*s + 2599, -z = -4*v + 2*s. Is v a composite number?
True
Is 27/18*3*(-16)/36 - -850615 a composite number?
False
Let a = 119041 + -23838. Is a a composite number?
False
Suppose -1471939 = -130*w - 164009. Is w a prime number?
True
Suppose 11*f = 4*f - 574. Let y be 2 + (f/2)/(7/(-84)). Suppose c - 3*c - 4*q + y = 0, -q = c - 249. Is c composite?
False
Suppose x = -z + 122204, x - 5*z = 7150 + 115036. Is x a prime number?
True
Let o(k) = 168*k**2 + 9*k - 4547. Is o(92) prime?
True
Let c(d) = 434*d**3 - 4*d**2 - d**2 - 5 - 8*d - 433*d**3. Is c(7) a prime number?
True
Let v be (56/77)/(2/11). Suppose -2*t = -2, 3*t - 6*t = -v*w + 4789. Is w a composite number?
True
Suppose 2*u - a = -0*a + 10221, u = -2*a + 5113. Suppose -4*s = -u - 10453. Is s a prime number?
False
Is 765310/(-9 + 14) + -3 a prime number?
True
Suppose 45167184 = 81*u + 3501027. Is u composite?
True
Is (-275067)/(-3) + 224/14 a composite number?
True
Suppose 4*v + 3 = -f, 4*f - 28 = 2*v + 2*v. Suppose f*l + 5 = 2*p, -2*p = -p + 4*l + 4. Let j(a) = -a + 115. Is j(p) composite?
True
Suppose -40*x + 11*x + 687213 = 0. Let q = x + -4594. Is q prime?
False
Suppose -4*b - 229 = -k, -2*k + 162 = 5*b + 432. Let p = b - -58. Suppose -a + 3531 = p*a. Is a prime?
False
Let u(m) = -1223*m - 240. Is u(-2) a composite number?
True
Let m = -45702 - -89719. Is m a prime number?
True
Let u be -1 + (-1 - -5)/4. Let k be 2/2 + 4 - u/(-1). Suppose d + 3838 = k*a, -3820 = -0*a - 5*a - 5*d. Is a a prime number?
False
Let i(a) = 28*a**2 - 6*a - 12. Let o be i(-2). Suppose -2*l - 3*l = 155. Let m = o - l. Is m a prime number?
False
Suppose 2*m + 4*r = 2536, 0 = 4*m - 3*r - 7449 + 2388. Suppose 0 = 38*t - 44*t + m. Is t a prime number?
True
Let s(d) = 63*d**2 - 27*d + 163. Is s(16) composite?
False
Is 2 - (198312/(-36))/(6/207) prime?
True
Is (16/480*-24294)/((-1)/5) a prime number?
True
Let r = -78399 + 179930. Is r composite?
False
Suppose 20*i + 1490143 = -15*i + 12702953. Is i a prime number?
False
Let p be 2*(66/(-16))/((-18)/24). Let q be 350/(-110) - (-2)/p. Is ((-79)/q)/((-8)/(-72)) composite?
True
Let c be 10/(-12) + (-41530)/60. Let t = c + 806. Is t a composite number?
False
Let p(m) = 689214*m**3 - 9*m**2 - 4*m + 2. Is p(1) prime?
False
Suppose 3*u + 2296 + 10659 = 4*z, -3*u + 6455 = 2*z. Is z composite?
True
Suppose 71*d = 73*d - 3*b - 2889491, 4*d = 4*b + 5779000. Is d a prime number?
True
Suppose 148*q + 327*q - 5059225 = 0. Is q a prime number?
True
Is ((-561)/34)/((-33)/156662) a composite number?
True
Let c be (-72594)/18 + -1*4. Is c/(-4) + 12/(-48) composite?
False
Is (1108/1385)/(8/1951930) a composite number?
False
Let i(w) = 460*w**2 + 40*w - 373. Is i(12) a composite number?
False
Let r(y) be the second derivative of -y**5/5 + y**4/6 - y**3/3 - 5*y**2/2 + 2*y - 197. Suppose j + 4*b - 3 = 14, 2*j + b = -1. Is r(j) a prime number?
True
Suppose z = -o + 7901, o - 3*z = -0*z +